nds digit of 2790421338?
4
What is the thousands digit of 833363546?
3
What is the units digit of 262138498?
8
What is the hundreds digit of 7228975164?
1
What is the tens digit of 127424401?
0
What is the millions digit of 105508167?
5
What is the thousands digit of 202895502?
5
What is the millions digit of 282087342?
2
What is the units digit of 448321162?
2
What is the hundred thousands digit of 51833188?
8
What is the thousands digit of 3762170?
2
What is the tens digit of 145710669?
6
What is the ten thousands digit of 279140011?
4
What is the tens digit of 27992321?
2
What is the millions digit of 21897723?
1
What is the hundreds digit of 18385827?
8
What is the hundreds digit of 53553170?
1
What is the tens digit of 253385696?
9
What is the billions digit of 1833012192?
1
What is the hundreds digit of 136120774?
7
What is the hundred thousands digit of 632831049?
8
What is the tens digit of 38859732?
3
What is the ten thousands digit of 15366888?
6
What is the hundred thousands digit of 4074102225?
1
What is the thousands digit of 9282783?
2
What is the ten millions digit of 218509640?
1
What is the hundreds digit of 2551421?
4
What is the tens digit of 23765475?
7
What is the millions digit of 149912525?
9
What is the tens digit of 30676135?
3
What is the hundred thousands digit of 48450800?
4
What is the hundreds digit of 81903698?
6
What is the units digit of 8642911?
1
What is the tens digit of 911053817?
1
What is the millions digit of 288653185?
8
What is the hundred thousands digit of 95719846?
7
What is the millions digit of 2101791399?
1
What is the hundred thousands digit of 804357167?
3
What is the ten millions digit of 264424834?
6
What is the hundred millions digit of 6513128037?
5
What is the tens digit of 71310304?
0
What is the units digit of 57787078?
8
What is the hundred millions digit of 296009475?
2
What is the ten thousands digit of 480312737?
1
What is the units digit of 5709476?
6
What is the ten thousands digit of 41245488?
4
What is the tens digit of 17390669?
6
What is the ten thousands digit of 19022104?
2
What is the hundred thousands digit of 2458140836?
1
What is the hundred thousands digit of 152155498?
1
What is the units digit of 198517571?
1
What is the hundreds digit of 689252350?
3
What is the hundreds digit of 275042816?
8
What is the units digit of 104555432?
2
What is the hundreds digit of 306680721?
7
What is the hundred thousands digit of 49280811?
2
What is the ten thousands digit of 2203937009?
3
What is the hundred thousands digit of 4052294499?
2
What is the units digit of 29192882?
2
What is the hundred millions digit of 182312704?
1
What is the hundred millions digit of 142415304?
1
What is the thousands digit of 1069786108?
6
What is the ten millions digit of 668929905?
6
What is the tens digit of 72805279?
7
What is the thousands digit of 109412229?
2
What is the hundred thousands digit of 436236517?
2
What is the billions digit of 3910252736?
3
What is the thousands digit of 6492978942?
8
What is the ten millions digit of 29908628?
2
What is the billions digit of 2097920883?
2
What is the units digit of 93800924?
4
What is the hundred millions digit of 1915877119?
9
What is the billions digit of 3354947037?
3
What is the millions digit of 1514249559?
4
What is the ten millions digit of 1533890721?
3
What is the hundred millions digit of 241261542?
2
What is the millions digit of 1587018925?
7
What is the hundreds digit of 62531065?
0
What is the thousands digit of 164802835?
2
What is the millions digit of 591886993?
1
What is the units digit of 719050706?
6
What is the thousands digit of 69705357?
5
What is the thousands digit of 102909701?
9
What is the millions digit of 22233458?
2
What is the ten millions digit of 500860814?
0
What is the thousands digit of 801143373?
3
What is the millions digit of 4210078693?
0
What is the millions digit of 1913275618?
3
What is the thousands digit of 55479611?
9
What is the hundreds digit of 1121215658?
6
What is the tens digit of 84007315?
1
What is the tens digit of 87490196?
9
What is the hundreds digit of 79918018?
0
What is the thousands digit of 701143912?
3
What is the thousands digit of 1433330982?
0
What is the thousands digit of 19688909?
8
What is the ten millions digit of 203090194?
0
What is the millions digit of 7579843?
7
What is the hundred thousands digit of 95828437?
8
What is the units digit of 44036086?
6
What is the tens digit of 1381167731?
3
What is the hundred millions digit of 532973560?
5
What is the tens digit of 89024484?
8
What is the thousands digit of 538392910?
2
What is the hundreds digit of 1687051611?
6
What is the units digit of 1437185231?
1
What is the hundred thousands digit of 4850466018?
4
What is the units digit of 408429048?
8
What is the thousands digit of 515862745?
2
What is the thousands digit of 7650438240?
8
What is the ten millions digit of 188470292?
8
What is the tens digit of 557428050?
5
What is the units digit of 220296955?
5
What is the units digit of 108598560?
0
What is the hundreds digit of 1651033687?
6
What is the tens digit of 5113853946?
4
What is the units digit of 35224133?
3
What is the hundreds digit of 201850566?
5
What is the millions digit of 330969183?
0
What is the thousands digit of 107735137?
5
What is the units digit of 41782135?
5
What is the ten thousands digit of 373925270?
2
What is the tens digit of 40291509?
0
What is the millions digit of 116012519?
6
What is the ten millions digit of 2195230359?
9
What is the tens digit of 492956982?
8
What is the units digit of 9746074?
4
What is the ten millions digit of 296731805?
9
What is the millions digit of 11372520?
1
What is the tens digit of 1770223505?
0
What is the millions digit of 443137627?
3
What is the millions digit of 1630991817?
0
What is the units digit of 72176159?
9
What is the ten thousands digit of 183986967?
8
What is the millions digit of 198033046?
8
What is the thousands digit of 150963328?
3
What is the millions digit of 277300072?
7
What is the hundred millions digit of 203457329?
2
What is the tens digit of 19337409?
0
What is the millions digit of 1470059733?
0
What is the ten thousands digit of 15096906?
9
What is the hundreds digit of 44378891?
8
What is the hundred millions digit of 304505506?
3
What is the millions digit of 951260237?
1
What is the thousands digit of 507503381?
3
What is the tens digit of 8856771?
7
What is the hundred millions digit of 549250217?
5
What is the units digit of 1089637681?
1
What is the thousands digit of 348231226?
1
What is the hundred thousands digit of 13666622?
6
What is the ten thousands digit of 98772227?
7
What is the ten millions digit of 1952113861?
5
What is the ten millions digit of 252246438?
5
What is the millions digit of 82818938?
2
What is the ten thousands digit of 29388542?
8
What is the ten millions digit of 1343164191?
4
What is the tens digit of 104756230?
3
What is the billions digit of 4995578598?
4
What is the hundred thousands digit of 19189443?
1
What is the hundreds digit of 6524858?
8
What is the units digit of 514634800?
0
What is the hundreds digit of 442941703?
7
What is the hundred millions digit of 359374881?
3
What is the ten millions digit of 32919382?
3
What is the millions digit of 990856068?
0
What is the thousands digit of 527092717?
2
What is the tens digit of 1270031825?
2
What is the billions digit of 4940932849?
4
What is the millions digit of 1445506273?
5
What is the thousands digit of 594527142?
7
What is the hundreds digit of 3258920583?
5
What is the hundreds digit of 59589438?
4
What is the ten millions digit of 537012114?
3
What is the units digit of 475795042?
2
What is the ten millions digit of 172037503?
7
What is the thousands digit of 46554803?
4
What is the tens digit of 37849724?
2
What is the hundred thousands digit of 42926239?
9
What is the units digit of 619127626?
6
What is the hundred millions digit of 567187473?
5
What is the tens digit of 76709645?
4
What is the billions digit of 1463188024?
1
What is the tens digit of 125119311?
1
What is the thousands digit of 844768172?
8
What is the ten thousands digit of 363022?
6
What is the hundreds digit of 783251355?
3
What is the thousands digit of 